{"id":357,"date":"2023-12-04T16:41:02","date_gmt":"2023-12-04T15:41:02","guid":{"rendered":"https:\/\/dev.dharmanature.org\/?page_id=357"},"modified":"2026-01-22T12:25:33","modified_gmt":"2026-01-22T11:25:33","slug":"sangha-holiday","status":"publish","type":"page","link":"https:\/\/dev.dharmanature.org\/index.php\/sangha-holiday\/","title":{"rendered":"Sangha Holiday"},"content":{"rendered":"\n<div class=\"wp-block-cover alignwide is-light\" style=\"min-height:199px;aspect-ratio:unset;\"><img loading=\"lazy\" decoding=\"async\" width=\"2415\" height=\"425\" class=\"wp-block-cover__image-background wp-image-218\" alt=\"\" src=\"https:\/\/dev.dharmanature.org\/wp-content\/uploads\/2023\/11\/bandeau-Specifique-SH.png\" data-object-fit=\"cover\" srcset=\"https:\/\/dev.dharmanature.org\/wp-content\/uploads\/2023\/11\/bandeau-Specifique-SH.png 2415w, https:\/\/dev.dharmanature.org\/wp-content\/uploads\/2023\/11\/bandeau-Specifique-SH-300x53.png 300w, https:\/\/dev.dharmanature.org\/wp-content\/uploads\/2023\/11\/bandeau-Specifique-SH-1030x181.png 1030w, https:\/\/dev.dharmanature.org\/wp-content\/uploads\/2023\/11\/bandeau-Specifique-SH-768x135.png 768w, https:\/\/dev.dharmanature.org\/wp-content\/uploads\/2023\/11\/bandeau-Specifique-SH-1536x270.png 1536w, https:\/\/dev.dharmanature.org\/wp-content\/uploads\/2023\/11\/bandeau-Specifique-SH-2048x360.png 2048w, https:\/\/dev.dharmanature.org\/wp-content\/uploads\/2023\/11\/bandeau-Specifique-SH-1500x264.png 1500w, https:\/\/dev.dharmanature.org\/wp-content\/uploads\/2023\/11\/bandeau-Specifique-SH-705x124.png 705w\" sizes=\"auto, (max-width: 2415px) 100vw, 2415px\" \/><span aria-hidden=\"true\" class=\"wp-block-cover__background has-white-background-color has-background-dim\"><\/span><div class=\"wp-block-cover__inner-container is-layout-constrained wp-block-cover-is-layout-constrained\">\n<h1 class=\"wp-block-heading has-text-align-center has-text-color has-link-color has-large-font-size wp-elements-3b40bc5fc6ac057303f8e27ec9f50367\" style=\"color:#7a0035\">Sangha Holiday<\/h1>\n<\/div><\/div>\n\n\n\n<div style=\"height:60px\" aria-hidden=\"true\" class=\"wp-block-spacer\"><\/div>\n\n\n\n<h4 class=\"wp-block-heading has-text-align-center\">Dates \u00e0 venir<\/h4>\n\n\n\n<h4 class=\"wp-block-heading has-text-align-center\">Parc Naturel du Haut Languedoc<\/h4>\n\n\n\n<div style=\"height:30px\" aria-hidden=\"true\" class=\"wp-block-spacer\"><\/div>\n\n\n\n<p>* Pour les 20 ans de la Sangha Holiday, nous avons am\u00e9nag\u00e9 les dates afin que le premier groupe croise le second, et nous pourrons donc c\u00e9l\u00e9brer dignement cette occasion&nbsp; en sangha !<\/p>\n\n\n\n<p><\/p>\n\n\n\n<p>La sangha holiday est n\u00e9e de l\u2019envie de passer des vacances entre pratiquants de m\u00e9ditation. C\u2019est une excellente&nbsp; possibilit\u00e9 d\u2019explorer ensemble le dharma dans un contexte tr\u00e8s libre. En dehors du respect des matin\u00e9es silencieuses et des groupes de partages tous les deux jours, tout est optionnel. Nous d\u00e9cidons ensemble de l\u2019atmosph\u00e8re que nous voulons cr\u00e9er et de comment nous voulons nous organiser. Les diff\u00e9rentes t\u00e2ches n\u00e9cessaires au bon fonctionnement de ces vacances se r\u00e9partissent d\u2019elle m\u00eame entre les participants. Des discussions sur les diff\u00e9rents th\u00e8mes du dharma d\u00e9marrent spontan\u00e9ment.<\/p>\n\n\n\n<div style=\"height:30px\" aria-hidden=\"true\" class=\"wp-block-spacer\"><\/div>\n\n\n\n<div class=\"wp-block-columns is-layout-flex wp-container-core-columns-is-layout-9d6595d7 wp-block-columns-is-layout-flex\">\n<div class=\"wp-block-column is-layout-flow wp-block-column-is-layout-flow\">\n<figure class=\"wp-block-embed is-type-video is-provider-youtube wp-block-embed-youtube wp-embed-aspect-16-9 wp-has-aspect-ratio\"><div class=\"wp-block-embed__wrapper\">\n<div class='avia-iframe-wrap'><iframe loading=\"lazy\" title=\"Dharma Nature: Notre terrain\/Our land\" width=\"1500\" height=\"844\" src=\"https:\/\/www.youtube.com\/embed\/fOgBZ4hD4ZY?feature=oembed\" frameborder=\"0\" allow=\"accelerometer; autoplay; clipboard-write; encrypted-media; gyroscope; picture-in-picture; web-share\" referrerpolicy=\"strict-origin-when-cross-origin\" allowfullscreen><\/iframe><\/div>\n<\/div><\/figure>\n<\/div>\n\n\n\n<div class=\"wp-block-column is-layout-flow wp-block-column-is-layout-flow\">\n<p>Et tout cela se d\u00e9roule dans le cadre privil\u00e9gi\u00e9 du Parc Naturel du Haut Languedoc, sur un magnifique terrain sablonneux bord\u00e9 par une tr\u00e8s belle rivi\u00e8re, et entour\u00e9 de montagnes.<\/p>\n\n\n\n<p>La Sangha Holiday est un \u00e9v\u00e8nement participatif, pas une retraite organis\u00e9e, soyez conscient qu\u2019en vous inscrivant, vous vous engagez \u00e0 participer \u00e0 la cuisine et \u00e0 la gestion du camp.<\/p>\n<\/div>\n<\/div>\n\n\n\n<div style=\"height:30px\" aria-hidden=\"true\" class=\"wp-block-spacer\"><\/div>\n\n\n\n<h3 class=\"wp-block-heading has-text-align-center\">Tarifs<\/h3>\n\n\n\n<p>Le prix de la Sangha Holiday n\u2019avait pas chang\u00e9 depuis plus de 10 ans. Pendant ce temps, de nombreux travaux ont \u00e9t\u00e9 faits sur le terrain (douches, toilettes, syst\u00e8me d\u2019eau,\u2026)&nbsp; et le loyer a augment\u00e9. Le prix de la nourriture ayant aussi bien augment\u00e9, nous avons d\u00e9cid\u00e9 de porter le prix \u00e0:<\/p>\n\n\n\n<p><strong>Adultes<\/strong> :&nbsp;&nbsp;&nbsp;&nbsp;&nbsp;&nbsp;&nbsp;&nbsp;&nbsp;&nbsp;&nbsp;&nbsp; 21\u20ac\/jour (189\u20ac\/p\u00e9riode)<\/p>\n\n\n\n<p><strong>De 9 \u00e0 16 ans<\/strong> :&nbsp; 13\u20ac\/jour&nbsp; (117\u20ac\/p\u00e9riode)<\/p>\n\n\n\n<p><strong>De 3 \u00e0 8 ans<\/strong> :&nbsp;&nbsp;&nbsp; 10\u20ac\/jour&nbsp; (90\u20ac\/p\u00e9riode)<\/p>\n\n\n\n<p>+ adh\u00e9sion 10\u20ac \u00e0 l\u2019association Dharma Nature (adultes seulement)<\/p>\n\n\n\n<p>Et comme toujours, une participation libre sera demand\u00e9e pour r\u00e9mun\u00e9rer le travail li\u00e9 \u00e0 l\u2019organisation. Cette participation est pr\u00e9cieuse, car elle nous permet de continuer \u00e0 nous investir dans l\u2019organisation de ce genre d\u2019\u00e9v\u00e9nement. <a href=\"https:\/\/dev.dharmanature.org\/index.php\/donation\/\" data-type=\"page\" data-id=\"459\" target=\"_blank\" rel=\"noreferrer noopener\">Nous vous expliquons ici la philosophie de la donation.<\/a> Cependant, si votre budget est trop juste pour pouvoir offrir ce soutien n\u2019h\u00e9sitez pas \u00e0 venir quand m\u00eame, c\u2019est d\u2019abord votre pr\u00e9sence qui nous importe !<\/p>\n\n\n\n<div style=\"height:30px\" aria-hidden=\"true\" class=\"wp-block-spacer\"><\/div>\n\n\n\n<h3 class=\"wp-block-heading has-text-align-center\">Inscription<\/h3>\n\n\n\n<p>L\u00e0 aussi il y a du changement ! Cela fait quelques ann\u00e9es qu\u2019il nous est difficile de maintenir l\u2019inscription sans acompte. Nous constatons de plus en plus d\u2019annulations de derni\u00e8res minutes, de changements de p\u00e9riodes, d\u2019h\u00e9sitations, ce qui rend la gestion de ce genre d\u2019\u00e9v\u00e8nement difficile. Nous avons donc d\u00e9cid\u00e9 de demander un acompte non remboursable \u00e0 l\u2019inscription (89\u20ac\/adulte et 50\u20ac\/enfant par p\u00e9riode). Vous pourrez payer le solde sur place.<\/p>\n\n\n\n<p>pour savoir si il reste de la place et vous inscrire, envoyez une demande \u00e0 sanghaholiday@gmail.com<\/p>\n\n\n\n<p>Une fois inscrits, <a href=\"https:\/\/dev.dharmanature.org\/index.php\/sangha-holiday-info\/\" data-type=\"page\" data-id=\"363\" target=\"_blank\" rel=\"noreferrer noopener\">lisez attentivement cette page.<\/a><\/p>\n\n\n\n<p><\/p>\n\n\n\n<p><strong>Note : Cette ann\u00e9e, nous ouvrirons les inscriptions plus t\u00f4t pour ceux d\u2019entre vous qui ont d\u00e9j\u00e0 particip\u00e9 \u00e0 au moins \u00e0 une Sangha Holiday, pour donner l\u2019occasion \u00e0 un maximum d\u2019anciens d\u2019\u00eatre l\u00e0.<\/strong><\/p>\n\n\n\n<div style=\"height:30px\" aria-hidden=\"true\" class=\"wp-block-spacer\"><\/div>\n\n\n\n<iframe id=\"haWidgetButton\" allowtransparency=\"true\" src=\"https:\/\/www.helloasso.com\/associations\/dharma-nature\/evenements\/sangha-holiday-2026\/widget-bouton\" style=\"width: 100%; height: 70px; border: none;\"><\/iframe>\n\n\n\n<div class=\"wp-block-buttons is-content-justification-center is-layout-flex wp-container-core-buttons-is-layout-16018d1d wp-block-buttons-is-layout-flex\"><\/div>\n\n\n\n<div style=\"height:30px\" aria-hidden=\"true\" class=\"wp-block-spacer\"><\/div>\n\n\n\n<h3 class=\"wp-block-heading has-text-align-center\">T\u00e9moignages<\/h3>\n\n\n\n<details class=\"wp-block-details is-layout-flow wp-block-details-is-layout-flow\"><summary>Depuis que j\u2019ai fait \u00e0 ma premi\u00e8re retraite silencieuse de six mois, il y a presque 25 ans, j\u2019ai \u00e9t\u00e9 dans une qu\u00eate annuelle pour trouver ce contexte de retraite insaisissable qui me permettrait d\u2019\u00e9tendre ma pratique et de la mettre \u00e0 nouveau \u00e0 d\u00e9fi. Lire +<\/summary>\n<p>Eh bien \u2026 cette ann\u00e9e, j\u2019ai trouv\u00e9 un \u00e9v\u00e8nement particuli\u00e8rement enthousiasmant dans les collines du Languedoc de la France m\u00e9ridionale. L\u00e0, Denis et ses amis ont d\u00e9velopp\u00e9 une innovation \u00e0 caract\u00e8re vraiment radical.<\/p>\n\n\n\n<p>Pas d\u2019emploi du temps. Pas de cloches (uniquement une d\u00e9licieuse fl\u00fbte qui vous enj\u00f4le hors de la tente \u00e0 l\u2019aube). Pas de roulement ou programme de travail \u2026 juste une confiance optimiste que tout ce qui doit \u00eatre fait sera fait\u2026 Et si ce n\u2019est pas le cas\u2026 ? ? ? Alors c\u2019est une opportunit\u00e9 d\u2019explorer ensemble ce que cela implique d\u2019assumer la responsabilit\u00e9 pour nos vies (et peut-\u00eatre plus important encore, cela que cela signifie d\u2019assumer librement un engagement et une responsabilit\u00e9&nbsp; vis-\u00e0-vis de notre pratique.)<\/p>\n\n\n\n<p>Au lever du soleil on peut trouver tout le monde \u00e9parpill\u00e9 au bord de la rivi\u00e8re, chacun assis \u00e0 m\u00e9diter dans un coin qu\u2019il s\u2019est choisi spontan\u00e9ment, sans scrupules, parmi les arbres ; ou bien quelques uns en solitaire sous la b\u00e2che qui constitue le toit du hall de m\u00e9ditation\u2026. ou dans mon cas, assis sur un rocher au bord de la rivi\u00e8re \u00e0 guetter la premi\u00e8re lueur d\u2019une ondulation scintillante&nbsp; qui annonce le commencement d\u2019un nouveau jour.<\/p>\n\n\n\n<p>Apr\u00e8s un d\u00e9licieux d\u00e9jeuner v\u00e9g\u00e9tarien la conversation est plus engag\u00e9e \u2013 mais sans le bavardage fr\u00e9n\u00e9tique qui peut survenir \u00e0 la lev\u00e9e de la p\u00e9riode de silence dans une retraite \u2013 le groupe se scindant en groupes de deux ou plus pour aller marcher ou partager ensemble ou bien sauter dans la rivi\u00e8re .<\/p>\n\n\n\n<p>Qu\u2019est ce qui est si radical alors? Je dirais qu\u2019ici, beaucoup d\u2019entre nous ont connu une profondeur particuli\u00e8re dans la pratique qui a pu r\u00e9sulter d\u2019une discipline provenant de l\u2019int\u00e9rieur plut\u00f4t que de la conformit\u00e9 \u00e0 un diktat ext\u00e9rieur (quelque soit ses bonnes intentions).<\/p>\n\n\n\n<p>Peut-\u00eatre que c\u2019est aussi pour moi un indicateur permettant de voir comment \u00ab int\u00e9grer la pratique dans la vie quotidienne \u00bb \u2013 simplement en se lan\u00e7ant et le faisant . N\u2019est-ce pas plut\u00f4t radical ?<\/p>\n\n\n\n<p>Pete, des Pays-Bas<\/p>\n<\/details>\n\n\n\n<div style=\"height:30px\" aria-hidden=\"true\" class=\"wp-block-spacer\"><\/div>\n\n\n\n<details class=\"wp-block-details is-layout-flow wp-block-details-is-layout-flow\"><summary>Il est tellement important dans la vie de se sentir en paix, en harmonie avec elle\u2026C\u2019est ce qui m\u2019est arriv\u00e9e durant ce s\u00e9jour \u00e0 la Sangha Holiday&#8230; Lire +<\/summary>\n<p>Quelle pl\u00e9nitude! Oui, j\u2019ai la chance de m\u2019\u00eatre autoris\u00e9e ces vacances. Merci encore \u00e0 Denis et Lydia de proposer cet espace de conscience, de rencontre. Le d\u00e9but d\u2019un grand quelque chose pour moi.  Aur\u00e9lie<\/p>\n\n\n\n<p><\/p>\n<\/details>\n\n\n\n<div style=\"height:30px\" aria-hidden=\"true\" class=\"wp-block-spacer\"><\/div>\n\n\n\n<details class=\"wp-block-details is-layout-flow wp-block-details-is-layout-flow\"><summary>Pour moi, la Sangha Holiday \u00e9tait une opportunit\u00e9 de m\u2019arr\u00eater et de me d\u00e9tendre. Une opportunit\u00e9 d\u2019\u00eatre libre et spontan\u00e9e&#8230; Lire +<\/summary>\n<p>, une opportunit\u00e9 de laisser la nature diriger le mouvement de la vie et changer naturellement ce qui a besoin d\u2019\u00eatre chang\u00e9. Et tout cela en ayant des gens autour, faisant l\u2019exp\u00e9rience de la vie en sangha sous sa forme simple et belle.&nbsp; Une opportunit\u00e9 d\u2019\u00eatre bienveillante avec moi-m\u00eame, avec les autres et l\u2019environnement dont lequel on vit. Mais surtout, c\u2019\u00e9tait une occasion de go\u00fbter ce que c\u2019est de ressentir un esprit clair et calme.<\/p>\n\n\n\n<p>Merci d\u2019avoir r\u00e9alis\u00e9 cet \u00e9v\u00e8nement.\u00bb<\/p>\n\n\n\n<p>Etai, d\u2019Isra\u00ebl<\/p>\n<\/details>\n","protected":false},"excerpt":{"rendered":"<p>Dates \u00e0 venir Parc Naturel du Haut Languedoc * Pour les 20 ans de la Sangha Holiday, nous avons am\u00e9nag\u00e9 les dates afin que le premier groupe croise le second, et nous pourrons donc c\u00e9l\u00e9brer dignement cette occasion&nbsp; en sangha ! La sangha holiday est n\u00e9e de l\u2019envie de passer des vacances entre pratiquants de [&hellip;]<\/p>\n","protected":false},"author":2,"featured_media":0,"parent":0,"menu_order":0,"comment_status":"closed","ping_status":"closed","template":"","meta":{"footnotes":""},"class_list":["post-357","page","type-page","status-publish","hentry"],"_links":{"self":[{"href":"https:\/\/dev.dharmanature.org\/index.php\/wp-json\/wp\/v2\/pages\/357","targetHints":{"allow":["GET"]}}],"collection":[{"href":"https:\/\/dev.dharmanature.org\/index.php\/wp-json\/wp\/v2\/pages"}],"about":[{"href":"https:\/\/dev.dharmanature.org\/index.php\/wp-json\/wp\/v2\/types\/page"}],"author":[{"embeddable":true,"href":"https:\/\/dev.dharmanature.org\/index.php\/wp-json\/wp\/v2\/users\/2"}],"replies":[{"embeddable":true,"href":"https:\/\/dev.dharmanature.org\/index.php\/wp-json\/wp\/v2\/comments?post=357"}],"version-history":[{"count":16,"href":"https:\/\/dev.dharmanature.org\/index.php\/wp-json\/wp\/v2\/pages\/357\/revisions"}],"predecessor-version":[{"id":1541,"href":"https:\/\/dev.dharmanature.org\/index.php\/wp-json\/wp\/v2\/pages\/357\/revisions\/1541"}],"wp:attachment":[{"href":"https:\/\/dev.dharmanature.org\/index.php\/wp-json\/wp\/v2\/media?parent=357"}],"curies":[{"name":"wp","href":"https:\/\/api.w.org\/{rel}","templated":true}]}}