{"id":424,"date":"2024-03-07T11:39:26","date_gmt":"2024-03-07T10:39:26","guid":{"rendered":"https:\/\/dev.dharmanature.org\/?page_id=424"},"modified":"2025-09-03T16:24:02","modified_gmt":"2025-09-03T14:24:02","slug":"festival-dharma-techno","status":"publish","type":"page","link":"https:\/\/dev.dharmanature.org\/index.php\/festival-dharma-techno\/","title":{"rendered":"Festival Dharma Techno"},"content":{"rendered":"\n<div class=\"wp-block-cover alignwide is-light\" style=\"min-height:199px;aspect-ratio:unset;\"><img loading=\"lazy\" decoding=\"async\" width=\"2415\" height=\"425\" class=\"wp-block-cover__image-background wp-image-232\" alt=\"\" src=\"https:\/\/dev.dharmanature.org\/wp-content\/uploads\/2023\/11\/bandeau-Specifique-DT-festival.png\" data-object-fit=\"cover\" srcset=\"https:\/\/dev.dharmanature.org\/wp-content\/uploads\/2023\/11\/bandeau-Specifique-DT-festival.png 2415w, https:\/\/dev.dharmanature.org\/wp-content\/uploads\/2023\/11\/bandeau-Specifique-DT-festival-300x53.png 300w, https:\/\/dev.dharmanature.org\/wp-content\/uploads\/2023\/11\/bandeau-Specifique-DT-festival-1030x181.png 1030w, https:\/\/dev.dharmanature.org\/wp-content\/uploads\/2023\/11\/bandeau-Specifique-DT-festival-768x135.png 768w, https:\/\/dev.dharmanature.org\/wp-content\/uploads\/2023\/11\/bandeau-Specifique-DT-festival-1536x270.png 1536w, https:\/\/dev.dharmanature.org\/wp-content\/uploads\/2023\/11\/bandeau-Specifique-DT-festival-2048x360.png 2048w, https:\/\/dev.dharmanature.org\/wp-content\/uploads\/2023\/11\/bandeau-Specifique-DT-festival-1500x264.png 1500w, https:\/\/dev.dharmanature.org\/wp-content\/uploads\/2023\/11\/bandeau-Specifique-DT-festival-705x124.png 705w\" sizes=\"auto, (max-width: 2415px) 100vw, 2415px\" \/><span aria-hidden=\"true\" class=\"wp-block-cover__background has-white-background-color has-background-dim-20 has-background-dim\"><\/span><div class=\"wp-block-cover__inner-container is-layout-constrained wp-block-cover-is-layout-constrained\">\n<h1 class=\"wp-block-heading has-text-align-center has-text-color has-link-color has-large-font-size wp-elements-4e89f7057e37c3ff2ac0d483632aed7a\" style=\"color:#7a0035\">4e Festival Dharma Techno<\/h1>\n<\/div><\/div>\n\n\n\n<div style=\"height:60px\" aria-hidden=\"true\" class=\"wp-block-spacer\"><\/div>\n\n\n\n<h4 class=\"wp-block-heading has-text-align-center\">Nouvelles dates \u00e0 venir<\/h4>\n\n\n\n<div style=\"height:30px\" aria-hidden=\"true\" class=\"wp-block-spacer\"><\/div>\n\n\n\n<h4 class=\"wp-block-heading has-text-align-center\">Bourgogne<\/h4>\n\n\n\n<p>Depuis 2015, Dharma Techno organise 2 fois par an des retraites de m\u00e9ditations de 5 jours. Nous pratiquons la m\u00e9ditation silencieuse pendant 4 jours et lorsque nos perceptions int\u00e9rieures affin\u00e9es, nous vivons un live techno avec un DJ qui a lui aussi m\u00e9diter en silence.<\/p>\n\n\n\n<p>Le festival est port\u00e9 par l&rsquo;association Equanimity. Elle pr\u00e9sente cette ann\u00e9e, la 5\u00e8me \u00e9dition du Dharma Techno Festival, du Mercredi 20 Ao\u00fbt au Dimanche 24 Ao\u00fbt, dans la campagne en Bourgogne, pr\u00e8s de Louhans (71).<\/p>\n\n\n\n<p>Ce festival de 3 jours propose les matin et les apr\u00e8s midi en silence, des m\u00e9ditations en groupe et des enseignements. Pendant que nous m\u00e9diterons, une \u00e9cole de cirque donnera des cours aux enfants. Et les soirs, des concerts \u00e0 \u00e9couter ou \u00e0 danser. Une magnifique fa\u00e7on de faire la f\u00eate ensemble !<\/p>\n\n\n\n<p>Afin de garder notre perception claire et profiter pleinement de ce moment, &nbsp;notre festival se d\u00e9roule sans drogue et sans alcool. Nous mangeons v\u00e9gan et pr\u00e9parons les repas avec des produits bio et locaux autant que possible. Le terrain situ\u00e9 au c\u0153ur de la Bresse, propose tout le&nbsp;confort n\u00e9cessaire \u00e0 notre s\u00e9jour : douche, toilette s\u00e8che, plan d\u2019eau et un chapiteau qui se transforme en dance floor le moment venu. Nous accordons une attention particuli\u00e8re aux conditions de restauration et d\u2019accueil.<\/p>\n\n\n\n<figure class=\"wp-block-embed is-type-video is-provider-youtube wp-block-embed-youtube wp-embed-aspect-16-9 wp-has-aspect-ratio\"><div class=\"wp-block-embed__wrapper\">\n<div class='avia-iframe-wrap'><iframe loading=\"lazy\" title=\"TEASER DHARMA TECHNO FESTIVAL 2023\" width=\"1500\" height=\"844\" src=\"https:\/\/www.youtube.com\/embed\/BvkyQOl0rTg?feature=oembed\" frameborder=\"0\" allow=\"accelerometer; autoplay; clipboard-write; encrypted-media; gyroscope; picture-in-picture; web-share\" referrerpolicy=\"strict-origin-when-cross-origin\" allowfullscreen><\/iframe><\/div>\n<\/div><\/figure>\n\n\n\n<p><strong>Lire quelques articles<\/strong><\/p>\n\n\n\n<p><a href=\"https:\/\/www.tsugi.fr\/dharma-techno-festival-le-premier-micro-festival-qui-mele-meditation-et-musique-de-rave\/\">Tsugi<\/a><\/p>\n\n\n\n<p><a href=\"https:\/\/dev.dharmanature.org\/wp-content\/uploads\/2024\/03\/article-festival-DT.pdf\">Actualit\u00e9 Locale<\/a><\/p>\n\n\n\n<div class=\"wp-block-buttons is-content-justification-center is-layout-flex wp-container-core-buttons-is-layout-16018d1d wp-block-buttons-is-layout-flex\">\n<div class=\"wp-block-button has-custom-width wp-block-button__width-50\"><a class=\"wp-block-button__link has-white-background-color has-text-color has-background has-link-color has-medium-font-size has-custom-font-size wp-element-button\" href=\"https:\/\/www.dharmatechno.org\/fr\/festival\/\" style=\"color:#7a0035\"><strong>Inscription sur le site de dharma techno<\/strong> &gt;&gt;<\/a><\/div>\n<\/div>\n\n\n\n<p><\/p>\n","protected":false},"excerpt":{"rendered":"<p>Nouvelles dates \u00e0 venir Bourgogne Depuis 2015, Dharma Techno organise 2 fois par an des retraites de m\u00e9ditations de 5 jours. Nous pratiquons la m\u00e9ditation silencieuse pendant 4 jours et lorsque nos perceptions int\u00e9rieures affin\u00e9es, nous vivons un live techno avec un DJ qui a lui aussi m\u00e9diter en silence. Le festival est port\u00e9 par [&hellip;]<\/p>\n","protected":false},"author":2,"featured_media":0,"parent":0,"menu_order":0,"comment_status":"closed","ping_status":"closed","template":"","meta":{"footnotes":""},"class_list":["post-424","page","type-page","status-publish","hentry"],"_links":{"self":[{"href":"https:\/\/dev.dharmanature.org\/index.php\/wp-json\/wp\/v2\/pages\/424","targetHints":{"allow":["GET"]}}],"collection":[{"href":"https:\/\/dev.dharmanature.org\/index.php\/wp-json\/wp\/v2\/pages"}],"about":[{"href":"https:\/\/dev.dharmanature.org\/index.php\/wp-json\/wp\/v2\/types\/page"}],"author":[{"embeddable":true,"href":"https:\/\/dev.dharmanature.org\/index.php\/wp-json\/wp\/v2\/users\/2"}],"replies":[{"embeddable":true,"href":"https:\/\/dev.dharmanature.org\/index.php\/wp-json\/wp\/v2\/comments?post=424"}],"version-history":[{"count":6,"href":"https:\/\/dev.dharmanature.org\/index.php\/wp-json\/wp\/v2\/pages\/424\/revisions"}],"predecessor-version":[{"id":1238,"href":"https:\/\/dev.dharmanature.org\/index.php\/wp-json\/wp\/v2\/pages\/424\/revisions\/1238"}],"wp:attachment":[{"href":"https:\/\/dev.dharmanature.org\/index.php\/wp-json\/wp\/v2\/media?parent=424"}],"curies":[{"name":"wp","href":"https:\/\/api.w.org\/{rel}","templated":true}]}}