{"id":438,"date":"2024-06-05T09:49:20","date_gmt":"2024-06-05T07:49:20","guid":{"rendered":"https:\/\/dev.dharmanature.org\/?page_id=438"},"modified":"2025-08-22T13:44:08","modified_gmt":"2025-08-22T11:44:08","slug":"retraite-meditation-allongee","status":"publish","type":"page","link":"https:\/\/dev.dharmanature.org\/index.php\/retraite-meditation-allongee\/","title":{"rendered":"Retraite de m\u00e9ditation allong\u00e9e"},"content":{"rendered":"\n<div class=\"wp-block-cover alignwide is-light\" style=\"min-height:199px;aspect-ratio:unset;\"><img loading=\"lazy\" decoding=\"async\" width=\"2415\" height=\"425\" class=\"wp-block-cover__image-background wp-image-240\" alt=\"\" src=\"https:\/\/dev.dharmanature.org\/wp-content\/uploads\/2023\/11\/bandeau-Specifique-retraite-allongee.png\" data-object-fit=\"cover\" srcset=\"https:\/\/dev.dharmanature.org\/wp-content\/uploads\/2023\/11\/bandeau-Specifique-retraite-allongee.png 2415w, https:\/\/dev.dharmanature.org\/wp-content\/uploads\/2023\/11\/bandeau-Specifique-retraite-allongee-300x53.png 300w, https:\/\/dev.dharmanature.org\/wp-content\/uploads\/2023\/11\/bandeau-Specifique-retraite-allongee-1030x181.png 1030w, https:\/\/dev.dharmanature.org\/wp-content\/uploads\/2023\/11\/bandeau-Specifique-retraite-allongee-768x135.png 768w, https:\/\/dev.dharmanature.org\/wp-content\/uploads\/2023\/11\/bandeau-Specifique-retraite-allongee-1536x270.png 1536w, https:\/\/dev.dharmanature.org\/wp-content\/uploads\/2023\/11\/bandeau-Specifique-retraite-allongee-2048x360.png 2048w, https:\/\/dev.dharmanature.org\/wp-content\/uploads\/2023\/11\/bandeau-Specifique-retraite-allongee-1500x264.png 1500w, https:\/\/dev.dharmanature.org\/wp-content\/uploads\/2023\/11\/bandeau-Specifique-retraite-allongee-705x124.png 705w\" sizes=\"auto, (max-width: 2415px) 100vw, 2415px\" \/><span aria-hidden=\"true\" class=\"wp-block-cover__background has-white-background-color has-background-dim-40 has-background-dim\"><\/span><div class=\"wp-block-cover__inner-container is-layout-constrained wp-block-cover-is-layout-constrained\">\n<h1 class=\"wp-block-heading has-text-align-center has-text-color has-link-color has-large-font-size wp-elements-119f0735d6d68d2d99843bed82bdfcb0\" style=\"color:#7a0035\">Retraite de m\u00e9ditation allong\u00e9e et Bienveillance (Metta): un chemin de confiance<br><\/h1>\n<\/div><\/div>\n\n\n\n<div style=\"height:60px\" aria-hidden=\"true\" class=\"wp-block-spacer\"><\/div>\n\n\n\n<h4 class=\"wp-block-heading has-text-align-center\">Du 25 au 31 mai 2026<\/h4>\n\n\n\n<div style=\"height:30px\" aria-hidden=\"true\" class=\"wp-block-spacer\"><\/div>\n\n\n\n<h4 class=\"wp-block-heading has-text-align-center\">Sur le terrain de Dharma Nature, Vieussan, Haut Languedoc<\/h4>\n\n\n\n<div style=\"height:30px\" aria-hidden=\"true\" class=\"wp-block-spacer\"><\/div>\n\n\n\n<p>La m\u00e9ditation allong\u00e9e est peu connue, et pourtant bien utile. Elle a par exemple l\u2019avantage d\u2019induire une d\u00e9tente bien n\u00e9cessaire pour une m\u00e9ditation fructueuse. Elle diminue la sensation d\u2019\u00eatre acteur, en contr\u00f4le de notre m\u00e9ditation, laisse notre esprit ouvert, non dirig\u00e9, et nous approche du \u00ab&nbsp;non-faire&nbsp;\u00bb. Elle est une voie royale dans la digestion des \u00e9motions, permet de recevoir de nouvelles visions cr\u00e9atives , et nous permet d\u2019acc\u00e9der \u00e0 des \u00e9tats de consciences proches du sommeil, dans lequel notre pr\u00e9sence est per\u00e7ue sans l\u2019agitation du mental.<\/p>\n\n\n\n<p>De plus, elle rend la pratique de la m\u00e9ditation plus facilement accessible dans notre quotidien, et fonctionne magnifiquement bien en association avec la posture assise.<\/p>\n\n\n\n<p>Nous enrichirons cette belle pratique de plusieurs m\u00e9ditations de bienveillance (Metta), ce qui renforcera encore la douceur et l\u2019ouverture d\u00e9j\u00e0 induites par la posture allong\u00e9e, tout en nous permettant de nous familiariser avec cette approche, et ancrer plus profond\u00e9ment cette belle \u00e9nergie en nous.<\/p>\n\n\n\n<p>Au cours de cette&nbsp;<strong>retraite silencieuse<\/strong>, vous serez soutenus par des discours, des m\u00e9ditations guid\u00e9es et non guid\u00e9es, des temps de questions, et assez de temps libre pour profiter de la rivi\u00e8re et de la magnifique nature environnante.<\/p>\n\n\n\n<div style=\"height:30px\" aria-hidden=\"true\" class=\"wp-block-spacer\"><\/div>\n\n\n\n<div class=\"wp-block-buttons is-content-justification-center is-layout-flex wp-container-core-buttons-is-layout-16018d1d wp-block-buttons-is-layout-flex\">\n<div class=\"wp-block-button\"><a class=\"wp-block-button__link has-white-background-color has-text-color has-background has-link-color has-medium-font-size has-text-align-center has-custom-font-size wp-element-button\" href=\"https:\/\/dev.dharmanature.org\/index.php\/retraite-meditation-allongee-inscription\/\" style=\"color:#7a0035\"><strong>Je m&rsquo;inscris !<\/strong><\/a><\/div>\n<\/div>\n\n\n\n<div style=\"height:30px\" aria-hidden=\"true\" class=\"wp-block-spacer\"><\/div>\n\n\n\n<h3 class=\"wp-block-heading has-text-align-center\">Les repas<\/h3>\n\n\n\n<p>Lydia nous pr\u00e9parera de d\u00e9licieux repas v\u00e9g\u00e9tariens.<\/p>\n\n\n\n<div style=\"height:30px\" aria-hidden=\"true\" class=\"wp-block-spacer\"><\/div>\n\n\n\n<h3 class=\"wp-block-heading has-text-align-center\">Lieu<\/h3>\n\n\n\n<p>Vous camperez gratuitement dans votre propre tente, sur le terrain de Dharma Nature, H\u00e9rault.<br>Nous pouvons pr\u00eater une tente si besoin.<\/p>\n\n\n\n<div style=\"height:30px\" aria-hidden=\"true\" class=\"wp-block-spacer\"><\/div>\n\n\n\n<h3 class=\"wp-block-heading has-text-align-center\">Tarifs<\/h3>\n\n\n\n<p>Le prix de cette retraite se compose d&rsquo;une partie fixe (avec trois choix), et d&rsquo;une autre sur donation.<\/p>\n\n\n\n<p><strong>Prix fixe :<\/strong><\/p>\n\n\n\n<p><strong>Tarif normal :&nbsp;<\/strong> 276\u20ac, qui couvrent les frais directement li\u00e9s \u00e0 la retraite, ainsi qu&rsquo;une participation aux frais annuels de Dharma Nature.<br><strong>Tarif r\u00e9duit :<\/strong> 220\u20ac qui couvrent les frais directement li\u00e9s \u00e0 la retraite, mais ne participe pas aux frais de fonctionnement de Dharma Nature.<br><strong>Tarif soutenant :<\/strong> 332\u20ac qui soutient Dharma Nature dans sa volont\u00e9 d&rsquo;accueillir les personnes ayant un petit budget.<\/p>\n\n\n\n<p><strong>Donation :<\/strong>&nbsp;\u00e0 cela s\u2019ajoute, \u00e0 la fin de chaque retraite, un prix libre et n\u00e9cessaire pour la r\u00e9mun\u00e9ration de l\u2019enseignant. On vous en dit plus lors de l&rsquo;inscription.<\/p>\n\n\n\n<p>Si vous \u00eates en difficult\u00e9 financi\u00e8re, et ne pouvez pas couvrir les frais d\u2019inscription, contactez-nous. Personne ne sera refus\u00e9 pour des questions d\u2019argent.<\/p>\n\n\n\n<div style=\"height:30px\" aria-hidden=\"true\" class=\"wp-block-spacer\"><\/div>\n\n\n\n<h3 class=\"wp-block-heading has-text-align-center\">T\u00e9moignages<\/h3>\n\n\n\n<p>Encore merci pour cette belle exp\u00e9rience de retraite allong\u00e9e et silencieuse<\/p>\n\n\n\n<p>Les effets b\u00e9n\u00e9fiques sont toujours pr\u00e9sents et m\u2019accompagnent chaque jour..<\/p>\n\n\n\n<p>Cela m\u2019a permis d\u2019ouvrir de nouvelles portes de compr\u00e9hension pour moi m\u00eame et pour la relation aux autres\u2026 Moins de peurs, plus de confiance dans le chemin de la vie, rassur\u00e9e de savoir que c\u2019est normal d\u2019avoir un coeur plein d\u2019amour et qu\u2019il est n\u00e9cessaire d\u2019envoyer de l\u2019amour, encore et toujours pour le bien de l\u2019humanit\u00e9 tout enti\u00e8re<\/p>\n\n\n\n<p>Marie C.<\/p>\n\n\n\n<div style=\"height:30px\" aria-hidden=\"true\" class=\"wp-block-spacer\"><\/div>\n\n\n\n<div class=\"wp-block-buttons is-content-justification-center is-layout-flex wp-container-core-buttons-is-layout-16018d1d wp-block-buttons-is-layout-flex\">\n<div class=\"wp-block-button\"><a class=\"wp-block-button__link has-white-background-color has-text-color has-background has-link-color has-medium-font-size has-text-align-center has-custom-font-size wp-element-button\" href=\"https:\/\/dev.dharmanature.org\/index.php\/retraite-meditation-allongee-inscription\/\" style=\"color:#7a0035\"><strong>Je m&rsquo;inscris !<\/strong><\/a><\/div>\n<\/div>\n\n\n\n<p><\/p>\n","protected":false},"excerpt":{"rendered":"<p>Du 25 au 31 mai 2026 Sur le terrain de Dharma Nature, Vieussan, Haut Languedoc La m\u00e9ditation allong\u00e9e est peu connue, et pourtant bien utile. Elle a par exemple l\u2019avantage d\u2019induire une d\u00e9tente bien n\u00e9cessaire pour une m\u00e9ditation fructueuse. Elle diminue la sensation d\u2019\u00eatre acteur, en contr\u00f4le de notre m\u00e9ditation, laisse notre esprit ouvert, non [&hellip;]<\/p>\n","protected":false},"author":2,"featured_media":0,"parent":0,"menu_order":0,"comment_status":"closed","ping_status":"closed","template":"","meta":{"footnotes":""},"class_list":["post-438","page","type-page","status-publish","hentry"],"_links":{"self":[{"href":"https:\/\/dev.dharmanature.org\/index.php\/wp-json\/wp\/v2\/pages\/438","targetHints":{"allow":["GET"]}}],"collection":[{"href":"https:\/\/dev.dharmanature.org\/index.php\/wp-json\/wp\/v2\/pages"}],"about":[{"href":"https:\/\/dev.dharmanature.org\/index.php\/wp-json\/wp\/v2\/types\/page"}],"author":[{"embeddable":true,"href":"https:\/\/dev.dharmanature.org\/index.php\/wp-json\/wp\/v2\/users\/2"}],"replies":[{"embeddable":true,"href":"https:\/\/dev.dharmanature.org\/index.php\/wp-json\/wp\/v2\/comments?post=438"}],"version-history":[{"count":9,"href":"https:\/\/dev.dharmanature.org\/index.php\/wp-json\/wp\/v2\/pages\/438\/revisions"}],"predecessor-version":[{"id":1203,"href":"https:\/\/dev.dharmanature.org\/index.php\/wp-json\/wp\/v2\/pages\/438\/revisions\/1203"}],"wp:attachment":[{"href":"https:\/\/dev.dharmanature.org\/index.php\/wp-json\/wp\/v2\/media?parent=438"}],"curies":[{"name":"wp","href":"https:\/\/api.w.org\/{rel}","templated":true}]}}