{"id":441,"date":"2024-06-05T09:51:13","date_gmt":"2024-06-05T07:51:13","guid":{"rendered":"https:\/\/dev.dharmanature.org\/?page_id=441"},"modified":"2025-10-20T10:43:03","modified_gmt":"2025-10-20T08:43:03","slug":"retraite-meditation-allongee-inscription","status":"publish","type":"page","link":"https:\/\/dev.dharmanature.org\/index.php\/retraite-meditation-allongee-inscription\/","title":{"rendered":"Retraite de m\u00e9ditation allong\u00e9e &#8211; Inscription"},"content":{"rendered":"\n<div class=\"wp-block-cover alignwide is-light\" style=\"min-height:199px;aspect-ratio:unset;\"><img loading=\"lazy\" decoding=\"async\" width=\"2415\" height=\"425\" class=\"wp-block-cover__image-background wp-image-240\" alt=\"\" src=\"https:\/\/dev.dharmanature.org\/wp-content\/uploads\/2023\/11\/bandeau-Specifique-retraite-allongee.png\" data-object-fit=\"cover\" srcset=\"https:\/\/dev.dharmanature.org\/wp-content\/uploads\/2023\/11\/bandeau-Specifique-retraite-allongee.png 2415w, https:\/\/dev.dharmanature.org\/wp-content\/uploads\/2023\/11\/bandeau-Specifique-retraite-allongee-300x53.png 300w, https:\/\/dev.dharmanature.org\/wp-content\/uploads\/2023\/11\/bandeau-Specifique-retraite-allongee-1030x181.png 1030w, https:\/\/dev.dharmanature.org\/wp-content\/uploads\/2023\/11\/bandeau-Specifique-retraite-allongee-768x135.png 768w, https:\/\/dev.dharmanature.org\/wp-content\/uploads\/2023\/11\/bandeau-Specifique-retraite-allongee-1536x270.png 1536w, https:\/\/dev.dharmanature.org\/wp-content\/uploads\/2023\/11\/bandeau-Specifique-retraite-allongee-2048x360.png 2048w, https:\/\/dev.dharmanature.org\/wp-content\/uploads\/2023\/11\/bandeau-Specifique-retraite-allongee-1500x264.png 1500w, https:\/\/dev.dharmanature.org\/wp-content\/uploads\/2023\/11\/bandeau-Specifique-retraite-allongee-705x124.png 705w\" sizes=\"auto, (max-width: 2415px) 100vw, 2415px\" \/><span aria-hidden=\"true\" class=\"wp-block-cover__background has-white-background-color has-background-dim-20 has-background-dim\"><\/span><div class=\"wp-block-cover__inner-container is-layout-constrained wp-block-cover-is-layout-constrained\">\n<h1 class=\"wp-block-heading has-text-align-center has-text-color has-link-color has-large-font-size wp-elements-e46ea3fae290d5ddfdffef0474589c2c\" style=\"color:#7a0035\">Retraite de m\u00e9ditation allong\u00e9e<\/h1>\n<\/div><\/div>\n\n\n\n<div style=\"height:60px\" aria-hidden=\"true\" class=\"wp-block-spacer\"><\/div>\n\n\n\n<h2 class=\"wp-block-heading has-text-align-center\">Inscription<\/h2>\n\n\n\n<div style=\"height:30px\" aria-hidden=\"true\" class=\"wp-block-spacer\"><\/div>\n\n\n\n<h3 class=\"wp-block-heading has-text-align-center\">Notre syst\u00e8me d\u2019inscription<\/h3>\n\n\n\n<p>Nous utilisons Helloasso pour g\u00e9rer nos inscriptions. Ils nous aident \u00e0 rassembler et retrouver les informations, g\u00e9rer les payements, la compta, les adh\u00e9sions, etc\u2026 Merci de vous inscrire sur leur site, et pas par email, textos, etc\u2026 Comme nous, ils fonctionnent sur donation. Ils vous proposeront de les soutenir, libre \u00e0 vous de choisir le montant, ou de le mettre \u00e0 z\u00e9ro. Sachez que Dharma Nature les soutiens r\u00e9guli\u00e8rement.<\/p>\n\n\n\n<p><strong>Si vous d\u00e9sirez r\u00e9gler en liquide ou par ch\u00e8que, vous pouvez utiliser le code promo \u00ab&nbsp;SURPLACE&nbsp;\u00bb sur helloasso, et r\u00e9gler votre inscription au d\u00e9but de la retraite. Soyez cependant conscient que votre inscription vous engage!<\/strong><\/p>\n\n\n\n<p>Comme nous, Helloasso fonctionne sur donation. Vous pouvez modifier la somme qu\u2019ils sugg\u00e8rent \u00e0 la fin de votre inscription, voire la mettre \u00e0 z\u00e9ro si tel est votre d\u00e9sir. Sachez qu\u2019ils sont tr\u00e8s utiles pour nous, et que nous les soutenons aussi de notre c\u00f4t\u00e9.<\/p>\n\n\n\n<div style=\"height:30px\" aria-hidden=\"true\" class=\"wp-block-spacer\"><\/div>\n\n\n\n<h3 class=\"wp-block-heading has-text-align-center\"><strong>Votre adh\u00e9sion \u00e0 l\u2019association<\/strong><\/h3>\n\n\n\n<p>L\u2019adh\u00e9sion est n\u00e9cessaire pour participer, si vous n\u2019avez pas encore adh\u00e9r\u00e9 cette ann\u00e9e,&nbsp;<a href=\"https:\/\/www.helloasso.com\/associations\/dharma-nature\/adhesions\/adhesions-2025\" target=\"_blank\" rel=\"noreferrer noopener\">[CLIQUEZ ICI]<\/a>&nbsp;pour le faire.<\/p>\n\n\n\n<p>Vous pouvez choisir une adh\u00e9sion annuelle \u00e0 partir de 10 \u20ac, ou plus si le c\u0153ur vous en dit, pour nous soutenir d\u2019avantage.<br>Dans ce m\u00eame sens, il est \u00e9galement possible d\u2019opter pour une adh\u00e9sion mensuelle, sans montant minimum : un geste qui nous aide durablement. En devenant donateur r\u00e9gulier, vous \u00eates consid\u00e9r\u00e9 comme adh\u00e9rent permanent pendant toute la dur\u00e9e de votre contribution.<\/p>\n\n\n\n<p>Le nombre d\u2019adh\u00e9rents compte. D\u2019abord, parce que nous avons la joie de vous accueillir pleinement dans cette belle aventure et aussi parce qu\u2019un collectif fort donne \u00e0 Dharma Nature plus de cr\u00e9dibilit\u00e9 aupr\u00e8s des institutions (organismes officiels, fonds de dotation, etc.), et ce soutien est pr\u00e9cieux, notamment pour soutenir notre travail au sein des prisons.<\/p>\n\n\n\n<div style=\"height:30px\" aria-hidden=\"true\" class=\"wp-block-spacer\"><\/div>\n\n\n\n<h3 class=\"wp-block-heading has-text-align-center\">A propos du prix et de la donation<\/h3>\n\n\n\n<p>En participant \u00e0 cette retraite, vous serez amen\u00e9s \u00e0 choisir la somme que vous d\u00e9sirez ou pouvez donner pour la r\u00e9mun\u00e9ration de notre travail. Nous ne sommes pas des b\u00e9n\u00e9voles, mais nous voulons rester ouvert \u00e0 tous les budgets, et vivre de la g\u00e9n\u00e9rosit\u00e9 de chacun, instiller une atmosph\u00e8re de confiance dans nos relations. Si vous d\u00e9sirez en savoir plus sur cette belle philosophie<strong>, <a href=\"https:\/\/dev.dharmanature.org\/index.php\/donation\/\" data-type=\"page\" data-id=\"459\">lisez ceci<\/a><\/strong><\/p>\n\n\n\n<div style=\"height:30px\" aria-hidden=\"true\" class=\"wp-block-spacer\"><\/div>\n\n\n\n<h3 class=\"wp-block-heading has-text-align-center\">Conditions d\u2019annulation<\/h3>\n\n\n\n<p>De plus en plus d\u2019annulations se font en derni\u00e8re minute, ce qui nous met en difficult\u00e9. Nous avons besoin que vous vous engagiez pleinement.&nbsp;<\/p>\n\n\n\n<p>Sachant que l\u2019acompte que nous vous demandons est minime, aucun remboursement ne sera octroy\u00e9., l\u2019argent re\u00e7u sera utilis\u00e9 avec gratitude pour le soutien du projet ou de l\u2019association.<\/p>\n\n\n\n<p>Bien sur, si c\u2019est nous qui annulons pour des raisons de notre fait, nous vous rembourserons de la totalit\u00e9.<\/p>\n\n\n\n<div style=\"height:30px\" aria-hidden=\"true\" class=\"wp-block-spacer\"><\/div>\n\n\n\n<iframe id=\"haWidget\" allowtransparency=\"true\" src=\"https:\/\/www.helloasso.com\/associations\/dharma-nature\/evenements\/retraite-de-meditation-allongee-et-metta-2026\/widget-bouton\" style=\"width: 100%; height: 70px; border: none;\" onload=\"window.addEventListener( 'message', function(e) { const dataHeight = e.data.height; const haWidgetElement = document.getElementById('haWidget'); haWidgetElement.height = dataHeight + 'px'; } )\" ><\/iframe>\n","protected":false},"excerpt":{"rendered":"<p>Inscription Notre syst\u00e8me d\u2019inscription Nous utilisons Helloasso pour g\u00e9rer nos inscriptions. Ils nous aident \u00e0 rassembler et retrouver les informations, g\u00e9rer les payements, la compta, les adh\u00e9sions, etc\u2026 Merci de vous inscrire sur leur site, et pas par email, textos, etc\u2026 Comme nous, ils fonctionnent sur donation. Ils vous proposeront de les soutenir, libre \u00e0 [&hellip;]<\/p>\n","protected":false},"author":2,"featured_media":0,"parent":0,"menu_order":0,"comment_status":"closed","ping_status":"closed","template":"","meta":{"footnotes":""},"class_list":["post-441","page","type-page","status-publish","hentry"],"_links":{"self":[{"href":"https:\/\/dev.dharmanature.org\/index.php\/wp-json\/wp\/v2\/pages\/441","targetHints":{"allow":["GET"]}}],"collection":[{"href":"https:\/\/dev.dharmanature.org\/index.php\/wp-json\/wp\/v2\/pages"}],"about":[{"href":"https:\/\/dev.dharmanature.org\/index.php\/wp-json\/wp\/v2\/types\/page"}],"author":[{"embeddable":true,"href":"https:\/\/dev.dharmanature.org\/index.php\/wp-json\/wp\/v2\/users\/2"}],"replies":[{"embeddable":true,"href":"https:\/\/dev.dharmanature.org\/index.php\/wp-json\/wp\/v2\/comments?post=441"}],"version-history":[{"count":5,"href":"https:\/\/dev.dharmanature.org\/index.php\/wp-json\/wp\/v2\/pages\/441\/revisions"}],"predecessor-version":[{"id":1265,"href":"https:\/\/dev.dharmanature.org\/index.php\/wp-json\/wp\/v2\/pages\/441\/revisions\/1265"}],"wp:attachment":[{"href":"https:\/\/dev.dharmanature.org\/index.php\/wp-json\/wp\/v2\/media?parent=441"}],"curies":[{"name":"wp","href":"https:\/\/api.w.org\/{rel}","templated":true}]}}