{"id":451,"date":"2024-06-05T10:18:55","date_gmt":"2024-06-05T08:18:55","guid":{"rendered":"https:\/\/dev.dharmanature.org\/?page_id=451"},"modified":"2025-09-03T15:59:53","modified_gmt":"2025-09-03T13:59:53","slug":"activites-locales","status":"publish","type":"page","link":"https:\/\/dev.dharmanature.org\/index.php\/activites-locales\/","title":{"rendered":"Activit\u00e9s locales dans l&rsquo;H\u00e9rault"},"content":{"rendered":"\n<div style=\"height:30px\" aria-hidden=\"true\" class=\"wp-block-spacer\"><\/div>\n\n\n\n<div class=\"wp-block-cover alignwide is-light wp-duotone-unset-1\" style=\"min-height:199px;aspect-ratio:unset;\"><img loading=\"lazy\" decoding=\"async\" width=\"2415\" height=\"425\" class=\"wp-block-cover__image-background wp-image-252\" alt=\"\" src=\"https:\/\/dev.dharmanature.org\/wp-content\/uploads\/2023\/11\/bandeau-Specifique-rando-locale.png\" data-object-fit=\"cover\" srcset=\"https:\/\/dev.dharmanature.org\/wp-content\/uploads\/2023\/11\/bandeau-Specifique-rando-locale.png 2415w, https:\/\/dev.dharmanature.org\/wp-content\/uploads\/2023\/11\/bandeau-Specifique-rando-locale-300x53.png 300w, https:\/\/dev.dharmanature.org\/wp-content\/uploads\/2023\/11\/bandeau-Specifique-rando-locale-1030x181.png 1030w, https:\/\/dev.dharmanature.org\/wp-content\/uploads\/2023\/11\/bandeau-Specifique-rando-locale-768x135.png 768w, https:\/\/dev.dharmanature.org\/wp-content\/uploads\/2023\/11\/bandeau-Specifique-rando-locale-1536x270.png 1536w, https:\/\/dev.dharmanature.org\/wp-content\/uploads\/2023\/11\/bandeau-Specifique-rando-locale-2048x360.png 2048w, https:\/\/dev.dharmanature.org\/wp-content\/uploads\/2023\/11\/bandeau-Specifique-rando-locale-1500x264.png 1500w, https:\/\/dev.dharmanature.org\/wp-content\/uploads\/2023\/11\/bandeau-Specifique-rando-locale-705x124.png 705w\" sizes=\"auto, (max-width: 2415px) 100vw, 2415px\" \/><span aria-hidden=\"true\" class=\"wp-block-cover__background has-white-background-color has-background-dim\"><\/span><div class=\"wp-block-cover__inner-container is-layout-constrained wp-block-cover-is-layout-constrained\">\n<h1 class=\"wp-block-heading has-text-align-center has-text-color has-link-color has-large-font-size wp-elements-1a048a46c2e9f5d378e776aea68e3463\" style=\"color:#7a0035\">M\u00e9ditation et pleine conscience dans l&rsquo;H\u00e9rault<br>proche de Vieussan<\/h1>\n<\/div><\/div>\n\n\n\n<div style=\"height:60px\" aria-hidden=\"true\" class=\"wp-block-spacer\"><\/div>\n\n\n\n<div style=\"height:30px\" aria-hidden=\"true\" class=\"wp-block-spacer\"><\/div>\n\n\n\n<div class=\"wp-block-columns is-layout-flex wp-container-core-columns-is-layout-9d6595d7 wp-block-columns-is-layout-flex\">\n<div class=\"wp-block-column is-layout-flow wp-block-column-is-layout-flow\">\n<p>C\u2019est en 2005 que nous avons propos\u00e9 notre premier rassemblement de m\u00e9ditation dans l\u2019H\u00e9rault. Nous \u00e9tions une bonne vingtaine de participants, \u00e0 camper au bord de la rivi\u00e8re: Belges, Am\u00e9ricains, Isra\u00e9liens, Anglais, Hollandais, Allemands\u2026et trois ou quatre Fran\u00e7ais. Personne de la r\u00e9gion\u2026 Depuis cette \u00e9poque, nous avons beaucoup travaill\u00e9 \u00e0 rendre Dharma Nature plus local. Et ici est l\u2019\u00e9tape suivante: augmenter le nombre de propositions courtes, parfois spontan\u00e9es et donc accessibles uniquement \u00e0 ceux qui habitent \u00e0 quelques heures de route.<\/p>\n<\/div>\n\n\n\n<div class=\"wp-block-column is-layout-flow wp-block-column-is-layout-flow\">\n<div class=\"wp-block-cover is-light\" style=\"min-height:303px;aspect-ratio:unset;\"><span aria-hidden=\"true\" class=\"wp-block-cover__background has-cyan-bluish-gray-background-color has-background-dim-100 has-background-dim\"><\/span><div class=\"wp-block-cover__inner-container is-layout-constrained wp-block-cover-is-layout-constrained\">\n<h4 class=\"wp-block-heading has-text-align-center\">Le 4 octobre 2025, soir\u00e9e de soutien au projet \u00ab\u00a0M\u00e9diter en prison\u00a0\u00bb + projection du film documentaire \u00ab\u00a0Des Hommes\u00a0\u00bb, \u00e0 Pr\u00e9mian au centre Au Fil des Arts<\/h4>\n\n\n\n<p class=\"has-text-align-center has-small-font-size\">A cette occasion, nous visionnerons le film documentaire \u00ab\u00a0Des hommes\u00a0\u00bb, r\u00e9alis\u00e9 par Jean-Robert Viallet et Alice Odiot, tourn\u00e9 en immersion dans l\u2019ancienne prison des Baumettes \u00e0 Marseille, pour retranscrire la duret\u00e9 et l\u2019humanit\u00e9 de ce lieu, tout en abordant la situation carc\u00e9rale en France.\u00a0 Assiette tapas et bar \u2013 Pensez \u00e0 r\u00e9server pour le repas<\/p>\n<\/div><\/div>\n<\/div>\n<\/div>\n\n\n\n<div style=\"height:65px\" aria-hidden=\"true\" class=\"wp-block-spacer\"><\/div>\n\n\n\n<div class=\"wp-block-columns is-layout-flex wp-container-core-columns-is-layout-9d6595d7 wp-block-columns-is-layout-flex\">\n<div class=\"wp-block-column is-layout-flow wp-block-column-is-layout-flow\">\n<h3 class=\"wp-block-heading has-text-align-center\">La randonn\u00e9e de pleine conscience<\/h3>\n\n\n\n<p><em>La randonn\u00e9e s&rsquo;organise spontan\u00e9ment ainsi lisez \u00e9galement le paragraphe sur nos moyens de communication pour \u00eatre tenu inform\u00e9. <\/em><\/p>\n\n\n\n<p>Marcher dans la nature est m\u00e9ditatif en soi. La r\u00e9gularit\u00e9 de la marche, l\u2019effort physique, la beaut\u00e9 de la nature, tout cela apaise l\u2019esprit, r\u00e9-ouvre le c\u0153ur, et souvent permet de voir plus clairement o\u00f9 nous en sommes. <\/p>\n\n\n\n<p>La randonn\u00e9e m\u00e9ditative, c\u2019est magnifier ce processus naturel en y ajoutant une claire intention de pr\u00e9sence \u00e0 nous-m\u00eame, un d\u00e9sint\u00e9r\u00eat pour nos ruminations habituelles,&nbsp; et une attention consciente port\u00e9e \u00e0 cette beaut\u00e9 qui nous entoure. Ce mariage de deux pratiques aussi basiques qu\u2019ancestrales (marcher et \u00eatre attentif) nous reconnecte \u00e0 ce qui est essentiel, nourrit le vivant souvent n\u00e9glig\u00e9 en nous, nous simplifie, r\u00e9veille la joie, l\u2019enthousiasme, et \u00e9claire notre vision de nouvelles perspectives.<\/p>\n<\/div>\n\n\n\n<div class=\"wp-block-column is-layout-flow wp-block-column-is-layout-flow\">\n<h3 class=\"wp-block-heading has-text-align-center\">Les rendez-vous mensuels de la sangha<\/h3>\n\n\n\n<p><em>Le premier vendredi de chaque mois,&nbsp;la Sangha se rencontre de 9h \u00e0 13h  pour m\u00e9diter puis d\u00e9jeune ensemble. La rencontre se fait chez l&rsquo;un d&rsquo;entre nous \u00e0 tour de r\u00f4le.  <\/em><\/p>\n\n\n\n<p>Depuis plus de 15 ans maintenant, certains d&rsquo;entre nous se rassemblent une fois par mois pour m\u00e9diter, discuter, et manger ensemble. <\/p>\n\n\n\n<p>Ce n&rsquo;est pas un stage, il n&rsquo;y a pas d&rsquo;enseignements, c&rsquo;est juste pour le plaisir de se retrouver entre gens qui partagent les m\u00eames valeurs, pratiquer ensemble, tisser des liens. On appelle \u00e7a la Sangha.<\/p>\n<\/div>\n<\/div>\n\n\n\n<h3 class=\"wp-block-heading has-text-align-center\">Nos moyens de communiquer<\/h3>\n\n\n\n<p>Si vous voulez \u00eatre tenu au courant d\u2019une randonn\u00e9e en pleine conscience (voir ci-dessous)  ou d\u2019une date o\u00f9 l\u2019on se rassemble pour m\u00e9diter ensemble, de la date de notre journ\u00e9e d\u2019Assembl\u00e9e G\u00e9n\u00e9rale, ou de tout autre \u00e9v\u00e8nement de m\u00e9ditation que nous organisons de fa\u00e7on locale, envoyez un email \u00e0:&nbsp;inscription@dharmanature.org.<\/p>\n\n\n\n<p>Vous serez alors inscrits \u00e0 notre newsletter locale . Nous envoyons seulement quelques emails par an.<\/p>\n\n\n\n<div style=\"height:30px\" aria-hidden=\"true\" class=\"wp-block-spacer\"><\/div>\n\n\n\n<figure class=\"wp-block-gallery has-nested-images columns-default is-cropped wp-block-gallery-2 is-layout-flex wp-block-gallery-is-layout-flex\">\n<figure class=\"wp-block-image size-large\"><img loading=\"lazy\" decoding=\"async\" width=\"1030\" height=\"494\" data-id=\"453\" src=\"https:\/\/dev.dharmanature.org\/wp-content\/uploads\/2024\/06\/local-bandeau-1030x494.png\" alt=\"\" class=\"wp-image-453\" srcset=\"https:\/\/dev.dharmanature.org\/wp-content\/uploads\/2024\/06\/local-bandeau-1030x494.png 1030w, https:\/\/dev.dharmanature.org\/wp-content\/uploads\/2024\/06\/local-bandeau-300x144.png 300w, https:\/\/dev.dharmanature.org\/wp-content\/uploads\/2024\/06\/local-bandeau-768x368.png 768w, https:\/\/dev.dharmanature.org\/wp-content\/uploads\/2024\/06\/local-bandeau-705x338.png 705w, https:\/\/dev.dharmanature.org\/wp-content\/uploads\/2024\/06\/local-bandeau.png 1200w\" sizes=\"auto, (max-width: 1030px) 100vw, 1030px\" \/><\/figure>\n<\/figure>\n\n\n\n<div style=\"height:30px\" aria-hidden=\"true\" class=\"wp-block-spacer\"><\/div>\n\n\n\n<p><\/p>\n\n\n\n<p><\/p>\n\n\n\n<div style=\"height:30px\" aria-hidden=\"true\" class=\"wp-block-spacer\"><\/div>\n","protected":false},"excerpt":{"rendered":"<p>C\u2019est en 2005 que nous avons propos\u00e9 notre premier rassemblement de m\u00e9ditation dans l\u2019H\u00e9rault. Nous \u00e9tions une bonne vingtaine de participants, \u00e0 camper au bord de la rivi\u00e8re: Belges, Am\u00e9ricains, Isra\u00e9liens, Anglais, Hollandais, Allemands\u2026et trois ou quatre Fran\u00e7ais. Personne de la r\u00e9gion\u2026 Depuis cette \u00e9poque, nous avons beaucoup travaill\u00e9 \u00e0 rendre Dharma Nature plus local. [&hellip;]<\/p>\n","protected":false},"author":2,"featured_media":0,"parent":0,"menu_order":0,"comment_status":"closed","ping_status":"closed","template":"","meta":{"footnotes":""},"class_list":["post-451","page","type-page","status-publish","hentry"],"_links":{"self":[{"href":"https:\/\/dev.dharmanature.org\/index.php\/wp-json\/wp\/v2\/pages\/451","targetHints":{"allow":["GET"]}}],"collection":[{"href":"https:\/\/dev.dharmanature.org\/index.php\/wp-json\/wp\/v2\/pages"}],"about":[{"href":"https:\/\/dev.dharmanature.org\/index.php\/wp-json\/wp\/v2\/types\/page"}],"author":[{"embeddable":true,"href":"https:\/\/dev.dharmanature.org\/index.php\/wp-json\/wp\/v2\/users\/2"}],"replies":[{"embeddable":true,"href":"https:\/\/dev.dharmanature.org\/index.php\/wp-json\/wp\/v2\/comments?post=451"}],"version-history":[{"count":15,"href":"https:\/\/dev.dharmanature.org\/index.php\/wp-json\/wp\/v2\/pages\/451\/revisions"}],"predecessor-version":[{"id":1230,"href":"https:\/\/dev.dharmanature.org\/index.php\/wp-json\/wp\/v2\/pages\/451\/revisions\/1230"}],"wp:attachment":[{"href":"https:\/\/dev.dharmanature.org\/index.php\/wp-json\/wp\/v2\/media?parent=451"}],"curies":[{"name":"wp","href":"https:\/\/api.w.org\/{rel}","templated":true}]}}