{"id":465,"date":"2024-06-05T10:36:59","date_gmt":"2024-06-05T08:36:59","guid":{"rendered":"https:\/\/dev.dharmanature.org\/?page_id=465"},"modified":"2025-03-07T10:33:23","modified_gmt":"2025-03-07T09:33:23","slug":"donation-a-lassociation","status":"publish","type":"page","link":"https:\/\/dev.dharmanature.org\/index.php\/donation-a-lassociation\/","title":{"rendered":"Donation \u00e0 l&rsquo;association"},"content":{"rendered":"\n<div style=\"height:30px\" aria-hidden=\"true\" class=\"wp-block-spacer\"><\/div>\n\n\n\n<div class=\"wp-block-cover alignwide is-light wp-duotone-unset-1\" style=\"min-height:199px;aspect-ratio:unset;\"><span aria-hidden=\"true\" class=\"wp-block-cover__background has-white-background-color has-background-dim\"><\/span><img loading=\"lazy\" decoding=\"async\" width=\"1200\" height=\"342\" class=\"wp-block-cover__image-background wp-image-466\" alt=\"\" src=\"https:\/\/dev.dharmanature.org\/wp-content\/uploads\/2024\/06\/donation-merci.png\" data-object-fit=\"cover\" srcset=\"https:\/\/dev.dharmanature.org\/wp-content\/uploads\/2024\/06\/donation-merci.png 1200w, https:\/\/dev.dharmanature.org\/wp-content\/uploads\/2024\/06\/donation-merci-300x86.png 300w, https:\/\/dev.dharmanature.org\/wp-content\/uploads\/2024\/06\/donation-merci-1030x294.png 1030w, https:\/\/dev.dharmanature.org\/wp-content\/uploads\/2024\/06\/donation-merci-768x219.png 768w, https:\/\/dev.dharmanature.org\/wp-content\/uploads\/2024\/06\/donation-merci-705x201.png 705w\" sizes=\"auto, (max-width: 1200px) 100vw, 1200px\" \/><div class=\"wp-block-cover__inner-container is-layout-constrained wp-block-cover-is-layout-constrained\">\n<h1 class=\"wp-block-heading has-text-align-center has-text-color has-link-color has-large-font-size wp-elements-ac398bbf29fca4e8e3e00256c8cfbc2a\" style=\"color:#7a0035\">Merci<\/h1>\n<\/div><\/div>\n\n\n\n<div style=\"height:60px\" aria-hidden=\"true\" class=\"wp-block-spacer\"><\/div>\n\n\n\n<h3 class=\"wp-block-heading has-text-align-center\">Par Hello Asso<\/h3>\n\n\n\n<p class=\"has-text-align-center\">Hello Asso vit \u00e9galement sur donation. Ils vous proposeront de les soutenir, libre \u00e0 vous de choisir le montant, ou de le mettre \u00e0 z\u00e9ro. Sachez que Dharma Nature les soutiens r\u00e9guli\u00e8rement.<\/p>\n\n\n\n<iframe id=\"haWidget\" allowtransparency=\"true\" src=\"https:\/\/www.helloasso.com\/associations\/dharma-nature\/formulaires\/4\/widget-bouton\" style=\"width: 100%; height: 70px; border: none;\"><\/iframe>\n\n\n\n<div style=\"height:30px\" aria-hidden=\"true\" class=\"wp-block-spacer\"><\/div>\n\n\n\n<h3 class=\"wp-block-heading has-text-align-center\">Par Paypal ou carte bancaire<\/h3>\n\n\n\n<p class=\"has-text-align-center\">pas d&rsquo;obligation d&rsquo;avoir un compte PayPal<\/p>\n\n\n\n<figure class=\"wp-block-image aligncenter size-full is-resized\"><a href=\"https:\/\/www.paypal.com\/donate\/?hosted_button_id=2FVSYVEB729KQ\" target=\"_blank\" rel=\"noreferrer noopener\"><img loading=\"lazy\" decoding=\"async\" width=\"500\" height=\"73\" src=\"https:\/\/dev.dharmanature.org\/wp-content\/uploads\/2024\/06\/bouton-PP.png\" alt=\"\" class=\"wp-image-593\" style=\"width:295px;height:auto\" srcset=\"https:\/\/dev.dharmanature.org\/wp-content\/uploads\/2024\/06\/bouton-PP.png 500w, https:\/\/dev.dharmanature.org\/wp-content\/uploads\/2024\/06\/bouton-PP-300x44.png 300w, https:\/\/dev.dharmanature.org\/wp-content\/uploads\/2024\/06\/bouton-PP-495x73.png 495w\" sizes=\"auto, (max-width: 500px) 100vw, 500px\" \/><\/a><\/figure>\n\n\n\n<div style=\"height:30px\" aria-hidden=\"true\" class=\"wp-block-spacer\"><\/div>\n\n\n\n<h3 class=\"wp-block-heading has-text-align-center\">Par virement bancaire<\/h3>\n\n\n\n<p class=\"has-text-align-center\">merci de pr\u00e9ciser votre nom et le mot DON, dans votre virement<\/p>\n\n\n\n<figure class=\"wp-block-image aligncenter size-full is-resized\"><img loading=\"lazy\" decoding=\"async\" width=\"500\" height=\"83\" src=\"https:\/\/dev.dharmanature.org\/wp-content\/uploads\/2024\/06\/BOUTON-RIB-2.png\" alt=\"\" class=\"wp-image-598\" style=\"width:295px;height:auto\" srcset=\"https:\/\/dev.dharmanature.org\/wp-content\/uploads\/2024\/06\/BOUTON-RIB-2.png 500w, https:\/\/dev.dharmanature.org\/wp-content\/uploads\/2024\/06\/BOUTON-RIB-2-300x50.png 300w, https:\/\/dev.dharmanature.org\/wp-content\/uploads\/2024\/06\/BOUTON-RIB-2-495x83.png 495w\" sizes=\"auto, (max-width: 500px) 100vw, 500px\" \/><\/figure>\n\n\n\n<div style=\"height:30px\" aria-hidden=\"true\" class=\"wp-block-spacer\"><\/div>\n\n\n\n<h3 class=\"wp-block-heading has-text-align-center\"><strong>Par ch\u00e8que<\/strong><\/h3>\n\n\n\n<p class=\"has-text-align-center\">Merci de le mettre \u00e0 l&rsquo;ordre de Dharma Nature et de l&rsquo;envoyer \u00e0 l&rsquo;adresse suivante :<br>Dharma Nature<br>2 rue de la Roudouni\u00e8re<br>34390 Boissezon<br>France<\/p>\n\n\n\n<div style=\"height:39px\" aria-hidden=\"true\" class=\"wp-block-spacer\"><\/div>\n\n\n\n<p class=\"has-text-align-center\"><strong>Encore merci pour votre soutien !<\/strong><\/p>\n","protected":false},"excerpt":{"rendered":"<p>Par Hello Asso Hello Asso vit \u00e9galement sur donation. Ils vous proposeront de les soutenir, libre \u00e0 vous de choisir le montant, ou de le mettre \u00e0 z\u00e9ro. Sachez que Dharma Nature les soutiens r\u00e9guli\u00e8rement. Par Paypal ou carte bancaire pas d&rsquo;obligation d&rsquo;avoir un compte PayPal Par virement bancaire merci de pr\u00e9ciser votre nom et [&hellip;]<\/p>\n","protected":false},"author":2,"featured_media":0,"parent":0,"menu_order":0,"comment_status":"closed","ping_status":"closed","template":"","meta":{"footnotes":""},"class_list":["post-465","page","type-page","status-publish","hentry"],"_links":{"self":[{"href":"https:\/\/dev.dharmanature.org\/index.php\/wp-json\/wp\/v2\/pages\/465","targetHints":{"allow":["GET"]}}],"collection":[{"href":"https:\/\/dev.dharmanature.org\/index.php\/wp-json\/wp\/v2\/pages"}],"about":[{"href":"https:\/\/dev.dharmanature.org\/index.php\/wp-json\/wp\/v2\/types\/page"}],"author":[{"embeddable":true,"href":"https:\/\/dev.dharmanature.org\/index.php\/wp-json\/wp\/v2\/users\/2"}],"replies":[{"embeddable":true,"href":"https:\/\/dev.dharmanature.org\/index.php\/wp-json\/wp\/v2\/comments?post=465"}],"version-history":[{"count":11,"href":"https:\/\/dev.dharmanature.org\/index.php\/wp-json\/wp\/v2\/pages\/465\/revisions"}],"predecessor-version":[{"id":846,"href":"https:\/\/dev.dharmanature.org\/index.php\/wp-json\/wp\/v2\/pages\/465\/revisions\/846"}],"wp:attachment":[{"href":"https:\/\/dev.dharmanature.org\/index.php\/wp-json\/wp\/v2\/media?parent=465"}],"curies":[{"name":"wp","href":"https:\/\/api.w.org\/{rel}","templated":true}]}}