{"id":616,"date":"2024-06-23T22:46:21","date_gmt":"2024-06-23T20:46:21","guid":{"rendered":"https:\/\/dev.dharmanature.org\/?page_id=616"},"modified":"2025-07-10T15:12:43","modified_gmt":"2025-07-10T13:12:43","slug":"audio","status":"publish","type":"page","link":"https:\/\/dev.dharmanature.org\/index.php\/audio\/","title":{"rendered":"Podcast"},"content":{"rendered":"\n<h1 class=\"wp-block-heading\">Sur cette page, acc\u00e9dez aux discours et m\u00e9ditations guid\u00e9es donn\u00e9s par Denis<\/h1>\n\n\n\n<p>Choisissez un th\u00e8me ci-dessous, puis nous vous conseillons de les \u00e9couter dans l&rsquo;ordre, le cheminement et les enseignements s&rsquo;approfondissent au fil des jours de la retraite.<\/p>\n\n\n\n<p>Vous noterez que nombre de discours reviennent sur les m\u00eames th\u00e8mes, en les abordant parfois de fa\u00e7on similaire, parfois avec des angles et des exemples diff\u00e9rents, parfois en mettant ce th\u00e8me en lien avec un autre d\u00e9j\u00e0 pr\u00e9sent\u00e9 ailleurs. Cette m\u00e9thode de r\u00e9p\u00e9tition et de maillage est utile pour aider \u00e0 int\u00e9grer le sujet, et peu \u00e0 peu agrandir notre territoire de compr\u00e9hension. Si un th\u00e8me vous a parl\u00e9, n&rsquo;h\u00e9sitez pas \u00e0 rechercher les autres discours qui abordent le m\u00eame sujet.De m\u00eame pour les m\u00e9ditations guid\u00e9es, qui revisitent encore et encore les m\u00eames th\u00e8mes, chacune \u00e9tant pourtant diff\u00e9rentes.<\/p>\n\n\n\n<h1 class=\"wp-block-heading\">Nous avons besoin de votre aide !<\/h1>\n\n\n\n<p>Nous travaillons \u00e0 rendre les discours plus accessibles. Pour ce faire, nous avons besoin d&rsquo;un r\u00e9sum\u00e9 de chaque discours, en quelques lignes, ainsi que de 8 ou 10 mots cl\u00e9s qui permettront de le r\u00e9f\u00e9rencer. Si, apr\u00e8s votre \u00e9coute, vous avez le temps de nous envoyer \u00e7a \u00e0 cette adresse : H\u00e9l\u00e8ne Jamesse <a href=\"mailto:helenejamesse@pm.me\">helenejamesse@pm.me<\/a>, ce serait super !<\/p>\n\n\n\n<p>Bonne \u00e9coute, bonne r\u00e9flexion, bonne m\u00e9ditation,<\/p>\n\n\n\n<p><\/p>\n","protected":false},"excerpt":{"rendered":"<p>Sur cette page, acc\u00e9dez aux discours et m\u00e9ditations guid\u00e9es donn\u00e9s par Denis Choisissez un th\u00e8me ci-dessous, puis nous vous conseillons de les \u00e9couter dans l&rsquo;ordre, le cheminement et les enseignements s&rsquo;approfondissent au fil des jours de la retraite. Vous noterez que nombre de discours reviennent sur les m\u00eames th\u00e8mes, en les abordant parfois de fa\u00e7on [&hellip;]<\/p>\n","protected":false},"author":2,"featured_media":0,"parent":0,"menu_order":0,"comment_status":"closed","ping_status":"closed","template":"","meta":{"footnotes":""},"class_list":["post-616","page","type-page","status-publish","hentry"],"_links":{"self":[{"href":"https:\/\/dev.dharmanature.org\/index.php\/wp-json\/wp\/v2\/pages\/616","targetHints":{"allow":["GET"]}}],"collection":[{"href":"https:\/\/dev.dharmanature.org\/index.php\/wp-json\/wp\/v2\/pages"}],"about":[{"href":"https:\/\/dev.dharmanature.org\/index.php\/wp-json\/wp\/v2\/types\/page"}],"author":[{"embeddable":true,"href":"https:\/\/dev.dharmanature.org\/index.php\/wp-json\/wp\/v2\/users\/2"}],"replies":[{"embeddable":true,"href":"https:\/\/dev.dharmanature.org\/index.php\/wp-json\/wp\/v2\/comments?post=616"}],"version-history":[{"count":11,"href":"https:\/\/dev.dharmanature.org\/index.php\/wp-json\/wp\/v2\/pages\/616\/revisions"}],"predecessor-version":[{"id":1148,"href":"https:\/\/dev.dharmanature.org\/index.php\/wp-json\/wp\/v2\/pages\/616\/revisions\/1148"}],"wp:attachment":[{"href":"https:\/\/dev.dharmanature.org\/index.php\/wp-json\/wp\/v2\/media?parent=616"}],"curies":[{"name":"wp","href":"https:\/\/api.w.org\/{rel}","templated":true}]}}